hat is the greatest common factor of 9262638 and 67221?
693
What is the highest common factor of 437 and 2543777?
437
Calculate the greatest common factor of 81 and 293049.
9
What is the highest common divisor of 108800 and 81260?
340
Calculate the highest common divisor of 1785 and 4399575.
15
Calculate the greatest common factor of 22487 and 1073207.
199
Calculate the highest common factor of 1607364 and 14762.
242
Calculate the greatest common divisor of 588 and 30274356.
588
What is the highest common divisor of 81672 and 26568?
984
Calculate the highest common divisor of 6722284 and 28012.
596
What is the highest common factor of 375 and 461373375?
375
What is the greatest common factor of 324 and 55571508?
324
What is the highest common divisor of 22550 and 128950?
50
Calculate the highest common factor of 41184 and 540752784.
6864
Calculate the greatest common divisor of 49504 and 6061860.
476
Calculate the highest common divisor of 7342336 and 1450.
58
Calculate the highest common divisor of 1445 and 764125.
5
What is the highest common divisor of 2652601 and 3577?
511
Calculate the greatest common factor of 3605 and 28960.
5
Calculate the highest common factor of 142284723 and 63.
21
Calculate the greatest common factor of 3273660 and 865800.
2340
Calculate the greatest common factor of 507 and 38899744.
169
What is the highest common factor of 21907 and 191501?
19
What is the greatest common divisor of 89829 and 4293?
81
What is the greatest common factor of 506 and 7389946?
46
Calculate the greatest common divisor of 81774 and 41772.
354
Calculate the greatest common factor of 720 and 5574510.
90
Calculate the greatest common divisor of 16242282 and 1890.
378
What is the highest common divisor of 416025841 and 539?
77
What is the highest common divisor of 22070225 and 9200?
575
What is the greatest common factor of 213 and 23679423?
213
What is the greatest common factor of 34 and 74490634?
34
What is the highest common factor of 4 and 2371411?
1
What is the highest common factor of 1369953 and 936?
117
Calculate the greatest common divisor of 19523478 and 117.
39
What is the greatest common factor of 3330 and 190980?
90
What is the greatest common factor of 30 and 7172490?
30
What is the greatest common factor of 1367376887 and 46?
23
Calculate the greatest common divisor of 35 and 116515350.
35
What is the highest common factor of 1390284 and 52164?
2268
Calculate the greatest common divisor of 26 and 601235492.
26
What is the greatest common divisor of 3385800 and 100225?
475
Calculate the greatest common divisor of 149479209 and 99.
99
What is the greatest common divisor of 93190912 and 5120?
256
Calculate the highest common divisor of 24388 and 131356.
4
Calculate the greatest common divisor of 568 and 6202844.
284
What is the highest common factor of 22202 and 7167981?
653
Calculate the greatest common divisor of 7089 and 290139.
51
Calculate the highest common divisor of 149283468 and 5976.
2988
Calculate the highest common factor of 700 and 2763175.
25
What is the highest common factor of 67641 and 2079?
21
Calculate the highest common factor of 5 and 167307030.
5
Calculate the greatest common factor of 4512 and 22904736.
96
What is the greatest common divisor of 213659928 and 11952?
5976
Calculate the highest common divisor of 4043592 and 2520.
504
Calculate the greatest common divisor of 1724400 and 4320.
720
What is the greatest common factor of 304 and 245765?
19
What is the greatest common divisor of 4450 and 31176433?
89
What is the greatest common factor of 286253 and 113685?
583
Calculate the greatest common divisor of 493261 and 185468.
233
What is the greatest common divisor of 1596 and 311585484?
1596
Calculate the highest common divisor of 15052 and 2552024.
284
Calculate the highest common factor of 194423220 and 2700.
540
Calculate the greatest common divisor of 120 and 8188095.
15
What is the highest common factor of 727260 and 2160?
60
What is the greatest common divisor of 14020167 and 8068?
2017
Calculate the highest common factor of 1021530 and 43554.
102
What is the greatest common factor of 9922199 and 305?
61
What is the greatest common factor of 600420 and 1020?
60
What is the greatest common divisor of 963350 and 100?
50
Calculate the highest common divisor of 5028844 and 1368.
76
Calculate the greatest common divisor of 286090 and 2363872.
854
What is the highest common divisor of 22032050 and 590?
10
What is the greatest common factor of 2031880 and 7110?
790
What is the highest common divisor of 2619534 and 26480?
662
What is the highest common divisor of 1045 and 531772?
19
What is the greatest common factor of 2552 and 21738893?
319
What is the greatest common divisor of 86496 and 36517?
53
What is the greatest common divisor of 35840 and 329504000?
8960
What is the highest common divisor of 520 and 3171688?
104
What is the greatest common divisor of 111305 and 1425495?
565
Calculate the highest common factor of 165264120 and 2520.
2520
What is the highest common factor of 54 and 113065638?
6
What is the highest common divisor of 272391 and 97773?
327
Calculate the highest common divisor of 42 and 1657608.
6
What is the greatest common factor of 10329425 and 89975?
1475
What is the greatest common divisor of 55 and 8639895?
55
Calculate the greatest common divisor of 20351 and 348998.
433
Calculate the greatest common divisor of 25825120 and 160.
160
What is the greatest common factor of 22 and 4288416?
22
Calculate the highest common divisor of 230361251 and 103.
103
Calculate the highest common divisor of 13705 and 373746314.
2741
Calculate the highest common divisor of 198669128 and 1960.
392
Calculate the greatest common factor of 5764 and 1455148.
524
What is the highest common factor of 9040875 and 2400?
75
What is the highest common divisor of 664028134 and 22?
22
Calculate the highest common factor of 441386 and 759.
11
Calculate the greatest common divisor of 52 and 160121611.
13
What is the highest common divisor of 3585 and 1097295?
15
What is the greatest common divisor of 231 and 165328053?
33
Calculate the highest common divisor of 301343046 and 12664.
3166
What is the greatest common factor of 276 and 10960296?
12
Calculate the greatest common factor of 2018941 and 895.
179
Calculate the greatest common factor of 9484200 and 14652.
396
Calculate the highest common divisor of 30 and 1412385410.
10
Calculate the greatest common divisor of 125731530 and 2157.
2157
What is the greatest common factor of 5735873 and 1859?
143
What is the highest common factor of 48011 and 5776543?
1171
Calculate the highest common factor of 554976 and 1332000.
288
Calculate the highest common divisor of 12008 and 19277096.
152
What is the greatest common factor of 1035 and 1123315515?
1035
Calculate the highest common factor of 36496 and 1088.
16
Calculate the greatest common divisor of 1880 and 12413264.
376
Calculate the greatest common divisor of 674 and 74931950.
674
Calculate the highest common factor of 3470585324 and 116.
116
Calculate the highest common factor of 5646 and 17442.
6
What is the greatest common divisor of 670268 and 181876?
164
What is the greatest common divisor of 3640 and 2825095?
455
What is the highest common divisor of 213733 and 71053?
41
What is the greatest common divisor of 144754 and 176102?
922
What is the greatest common divisor of 43632192 and 64?
64
Calculate the highest common divisor of 4104 and 2578176.
216
Calculate the highest common divisor of 306832 and 133604.
508
Calculate the greatest common factor of 175 and 410950.
25
Calculate the greatest common factor of 19 and 49434048.
19
What is the highest common divisor of 21337595 and 2195?
2195
Calculate the highest common factor of 8362936 and 16.
8
What is the highest common divisor of 19925873 and 44?
11
What is the greatest common divisor of 3740 and 1551080?
340
What is the highest common divisor of 82075 and 259625?
1675
Calculate the highest common factor of 14353 and 38564.
31
Calculate the highest common divisor of 767431 and 7.
7
Calculate the greatest common divisor of 5724 and 401609196.
1908
Calculate the highest common factor of 94 and 18378.
2
What is the highest common divisor of 12610687 and